 = -o**3 - 39*o**2 - 499*o - 8734. Determine n(-32).
66
Let v(r) = 6*r**2 - 850*r + 16923. Give v(118).
167
Let d(x) = -249*x - 7542. What is d(-30)?
-72
Let o(a) = 39335*a - 2635491. What is o(67)?
-46
Let w(m) = -4*m**3 - 56*m**2 - 91*m - 32. Give w(-1).
7
Let y(o) = 5073*o - 55944. Determine y(11).
-141
Let o(b) = 741*b + 2454. Determine o(-3).
231
Let v(h) = 5738*h + 315603. What is v(-55)?
13
Let c(u) = 125*u + 872. Calculate c(-7).
-3
Let w(o) = o**2 - 1163*o + 76760. Give w(70).
250
Let k(q) = -8*q - 1098. What is k(-28)?
-874
Let a(y) = 3832*y + 183972. Calculate a(-48).
36
Let x(v) = -v**2 - 1118*v - 278619. Give x(-375).
6
Let r(s) = -4570*s**2 + 214800*s - 256. What is r(47)?
214
Let o(l) = -50*l + 284. Determine o(7).
-66
Let v(p) = -690*p + 126302. Determine v(183).
32
Let o(s) = -3*s + 271. Calculate o(49).
124
Let k(v) = -v**2 - 1307*v - 47960. Determine k(-37).
-970
Let v(d) = -403*d**2 + 19747*d + 4. Give v(49).
4
Let c(o) = 3*o**3 + 297*o**2 - 399*o - 39478. Give c(-99).
23
Let n(b) = 9*b**2 + 150*b - 130. Give n(-16).
-226
Let m(n) = 2*n**2 - 1565*n + 259141. Determine m(238).
-41
Let q(z) = -z**3 - 194*z**2 - 3495*z - 2633. What is q(-174)?
-23
Let w(c) = -2*c**2 - 115*c + 9823. Determine w(-110).
-1727
Let a(r) = 8*r**2 + 966*r - 25512. Determine a(-143).
-58
Let l(k) = k**3 - 33*k**2 - 182*k + 4388. Determine l(34).
-644
Let n(i) = -3*i**2 + 125*i - 2485. Determine n(24).
-1213
Let h(i) = 4*i**3 + 13*i**2 - 13*i - 55. What is h(-2)?
-9
Let o(t) = -8392*t + 545482. Calculate o(65).
2
Let s(i) = -i**3 + 819*i**2 + 33463*i + 32. Give s(-39).
-7
Let b(w) = w**3 - 46*w**2 + 137*w - 2244. Calculate b(44).
-88
Let p(j) = -j**3 + 126*j**2 + 671*j + 1217. Determine p(131).
3313
Let j(x) = 4*x**3 - 697*x**2 - 508*x - 2733. Determine j(175).
242
Let v(a) = -584765*a - 4678111. What is v(-8)?
9
Let j(d) = d**3 - 82*d**2 - 1605*d - 535. Calculate j(-16).
57
Let z(a) = -1171*a - 353666. Determine z(-302).
-24
Let v(c) = -c**3 + 26*c**2 - 79*c + 1304. What is v(25)?
-46
Let c(j) = -j**3 + 277*j**2 - 13629*j - 186. Give c(64).
6
Let p(g) = 2*g**3 - 9*g**2 - 20*g - 50. What is p(8)?
238
Let p(w) = -8495*w - 42471. Determine p(-5).
4
Let a(h) = 2*h**3 - 37*h**2 + 49*h - 512. Give a(18).
46
Let q(m) = 18008*m - 8355728. Determine q(464).
-16
Let y(u) = -u**3 + 23*u**2 + 1994*u + 6. What is y(-34)?
-1898
Let j(b) = 2*b**2 - 730*b - 2184. Give j(-3).
24
Let i(l) = -11308*l - 1040316. What is i(-92)?
20
Let z(i) = i**3 + 600*i**2 - 6083*i + 10372. What is z(-610)?
2
Let m(q) = -q**2 - 181*q - 1411. Determine m(-8).
-27
Let q(z) = 4527*z + 4648. Determine q(-1).
121
Let q(z) = z**2 + 49*z - 11644. Determine q(85).
-254
Let r(v) = 22*v**2 + 489*v - 468. What is r(-23)?
-77
Let w(g) = g**3 + 90*g**2 - 248*g - 37294. What is w(-88)?
18
Let n(j) = 4*j**3 - 263*j**2 - 53*j - 1663. Calculate n(66).
-805
Let x(v) = v**3 - 84*v**2 - 3863*v - 77. Determine x(-33).
-11
Let y(i) = 37*i - 4719. What is y(128)?
17
Let n(x) = -851*x - 306. Give n(-2).
1396
Let w(j) = -27067*j + 405212. Give w(15).
-793
Let d(p) = -p**2 - 11713*p - 2325208. What is d(-202)?
14
Let l(m) = 8516*m - 16120785. Give l(1893).
3
Let q(w) = 404*w**2 + 451*w - 429. What is q(1)?
426
Let j(p) = p**2 + 10324*p - 154979. Give j(15).
106
Let c(x) = -14526*x - 147086. What is c(-10)?
-1826
Let u(g) = -250*g + 53440. Determine u(209).
1190
Let g(q) = -691*q - 1970. Give g(-3).
103
Let a(y) = -y**3 + 5*y**2 + 50*y + 298. What is a(11)?
122
Let k(p) = -54197*p - 18. Calculate k(0).
-18
Let g(m) = -464*m + 50614. Give g(109).
38
Let p(l) = 10*l**3 - 103*l**2 - 13*l - 60. Determine p(10).
-490
Let m(a) = -11*a**2 + 478*a + 199. Calculate m(44).
-65
Let a(p) = 184*p + 15754. Calculate a(-86).
-70
Let r(v) = -v**3 + 106*v**2 - 185*v - 1604. What is r(5)?
-4
Let h(f) = 6*f**2 - 532*f - 12. Calculate h(87).
-882
Let o(h) = 213*h - 10381. Give o(46).
-583
Let t(b) = b**3 - b**2 - 255*b - 1261. Calculate t(-5).
-136
Let t(p) = 110*p**3 - 7808*p**2 - 127*p - 1026. Calculate t(71).
39
Let d(k) = 2*k**3 + 83*k**2 + 10*k - 1196. What is d(-41)?
75
Let i(g) = g**3 + 30*g**2 - 102*g + 295. Give i(-33).
394
Let g(z) = 5*z**2 + 35*z + 52. Calculate g(-2).
2
Let j(w) = -w**3 - 143*w**2 - 3405*w - 6250. What is j(-2)?
-4
Let p(j) = 749*j - 29990. Give p(40).
-30
Let w(j) = 7*j**3 - 20*j**2 - 95*j + 18. Determine w(5).
-82
Let a(g) = g**3 - 260*g**2 + 2298*g - 739347. Calculate a(262).
17
Let a(p) = 11*p**3 - 3*p**2 + 774*p - 3100. Give a(4).
652
Let r(z) = -65*z**2 - 758*z - 34. Calculate r(-12).
-298
Let t(n) = 9146*n - 54845. What is t(6)?
31
Let s(m) = -480*m + 22507. Calculate s(47).
-53
Let g(m) = -2*m**3 - 16*m**2 + 119*m + 848. What is g(-8)?
-104
Let r(u) = 4*u**2 - 150*u - 360. Calculate r(-7).
886
Let z(u) = -2*u**3 - 28*u**2 + 353*u - 4. Give z(8).
4
Let f(o) = -o**2 + 190*o - 8748. Calculate f(77).
-47
Let w(g) = -5*g**2 + 6*g - 1228. Give w(20).
-3108
Let y(c) = -122*c**2 + 24339*c + 61603. Calculate y(202).
-7
Let i(j) = -41*j**2 + 409*j - 43. Determine i(10).
-53
Let y(s) = -12088*s - 229520. Calculate y(-19).
152
Let i(h) = -14635*h - 55782. Calculate i(-4).
2758
Let p(c) = 3*c**2 - 2878*c - 29021. What is p(-10)?
59
Let g(q) = -q**3 + 42*q**2 - 43170*q + 1858168. Calculate g(43).
9
Let a(u) = u**2 - 555*u + 3280. Calculate a(6).
-14
Let b(g) = -15*g**3 + 849*g**2 + 1701*g - 1. Calculate b(-2).
113
Let h(y) = -3*y**3 + 159*y**2 + 35*y - 1855. What is h(53)?
0
Let s(g) = -7*g**3 + 499*g**2 - 115*g - 221. Give s(71).
1696
Let s(b) = b**3 - 26*b**2 - 84*b + 3704. Calculate s(15).
-31
Let v(c) = -164*c - 28881. Calculate v(-176).
-17
Let x(i) = 348*i - 20461. Calculate x(58).
-277
Let y(o) = 2810*o - 30902. Calculate y(11).
8
Let x(m) = -m**3 - 76*m**2 - 36*m - 8439. What is x(-77)?
262
Let q(i) = 1374*i + 8216. Give q(-8).
-2776
Let a(l) = -73*l**3 + 2*l**2 + 116*l + 203. What is a(-2)?
563
Let s(j) = j**3 - 753*j**2 - 3702*j + 430. Determine s(-5).
-10
Let u(l) = -50*l**2 - 10243*l - 8791. What is u(-204)?
-19
Let r(s) = -179*s + 27393. Give r(153).
6
Let f(a) = -11*a**3 + 5*a**2 + 39*a + 7. Give f(0).
7
Let g(t) = -t**3 + 34*t**2 + 5332*t - 133. Determine g(-58).
99
Let k(t) = -12*t**2 + 1839*t + 1438. Determine k(154).
52
Let z(d) = -d**2 + 4336*d - 1409604. What is z(354)?
24
Let w(n) = -3*n**3 - 89*n**2 + 158*n + 3834. Give w(-30).
-6
Let n(w) = -2*w**3 + 60*w**2 + 259*w - 4. Give n(34).
-446
Let f(s) = -9859*s - 118255. Determine f(-12).
53
Let a(x) = 16*x**3 + 1583*x**2 - 96*x + 560. Give a(-99).
263
Let z(y) = 10*y**2 - 522*y + 1306. Determine z(50).
206
Let w(p) = 14*p**3 + 28*p**2 + 12046*p + 24086. Give w(-2).
-6
Let w(v) = -v**2 - 2815*v + 426066. Calculate w(144).
-30
Let h(u) = 22*u**2 - 198*u + 29. Give h(9).
29
Let l(x) = -3*x**2 - 4475*x - 75836. Give l(-17).
-628
Let z(u) = -3*u**2 + 701*u - 15013. What is z(23)?
-477
Let g(z) = 8559*z + 26093. Determine g(-3).
416
Let g(x) = -46*x**3 + 6*x**2 + 11*x + 48. Give g(-4).
3044
Let n(o) = -22*o**2 - 50*o + 633. What is n(7)?
-795
Let a(y) = -y**2 - 39*y - 93. Determine a(-18).
285
Let y(p) = -544*p - 434028. Determine y(-798).
84
Let n(m) = m**2 - 482*m - 37443. What is n(-68)?
-43
Let d(w) = -3*w**3 + 15*w**2 + 13775*w - 41363. Determine d(3).
16
Let k(v) = -1154*v - 559671. Determine k(-485).
19
Let i(x) = -x**3 - 4036*x**2 + 24243*x + 59. What is i(6)?
5
Let m(r) = -291165*r + 1747020. Give m(6).
30
Let i(c) = 13293*c + 425698. What is i(-32)?
322
Let c(i) = 1385*i - 2244. Determine c(2).
526
Let i(s) = s**3 - 22*s**2 - 67*s - 67. Calculate i(23).
-1079
Let d(z) = 5*z**3 - 532*z**2 - 23515*z - 728. Give d(140).
-28
Let d(i) = -i**3 - 25*i**2 - 133*i - 109. Give d(-14).
-403
Let o(z) = 234*z - 10388. Give o(42).
-560
Let o(z) = -z**3 + 76*z**2 + 6840*z - 476. Give o(129).
-89
Let z(s) = -1519*s + 206602. Calculate z(136).
18
Let i(x) = 88114*x + 969220. Determine i(-11).
-34
Let c(o) = -1207*o + 49475. Determine c(41).
-12
Let s(d) = -d**2 - 809*d - 163275. What is s(-386)?
3
Let y(a) = -12*a**2 + 2597*a + 6805. Give y(219).
16
Let n(b) = b**2 + 358*b + 23036. Determine n(-274).
20
Let h(b) = -9*b**3 + 3*b**2 + 2450*b + 7355. Calculate h(-3).
275
Let h(k) = -504*k + 3761. Give h(0).
3761
Let w(j) = -2862*j - 8642. What is w(-3)